{"id":5907,"date":"2026-04-10T14:29:37","date_gmt":"2026-04-10T14:29:37","guid":{"rendered":"https:\/\/webxcite.net\/demogenetica\/?post_type=product&#038;p=5907"},"modified":"2026-04-10T14:29:43","modified_gmt":"2026-04-10T14:29:43","slug":"roi-charlesnoir-6a388","status":"publish","type":"product","link":"https:\/\/webxcite.net\/demogenetica\/producto\/roi-charlesnoir-6a388\/","title":{"rendered":"ROI Charlesnoir 6A388"},"content":{"rendered":"","protected":false},"excerpt":{"rendered":"<hr \/>\n<p><strong>NOMBRE COMPLETO: <\/strong>ROI CHARLESNOIR VG 011 6A388<br \/>\n<strong>N\u00daMERO: <\/strong>6A388 &nbsp;&nbsp; <strong>REGISTRO: <\/strong>VG 011 6A388 &nbsp;&nbsp; <strong>FECHA DE NACIMIENTO: <\/strong>20\/06\/2016<br \/>\n<strong>TIPO: <\/strong>CARNE &#8211; <strong>RAZA: <\/strong>ANGUS NEGRO<br \/>\n<strong>PADRE: <\/strong>CONNEALY IMPRESSION<br \/>\n<strong>MADRE: <\/strong>MUDELA MIRANDELA<\/p>\n<p><strong>CARACTER\u00cdSTICAS DESTACADAS:<\/strong><\/p>\n<ul>\n<li>Cuerpo largo y estructura balanceada.<\/li>\n<li>Se destaca por sus n\u00fameros de peso de carcasa, marmoreo y ojo de bife.<\/li>\n<li>Toro que transmite excelentes caracter\u00edsticas productivas al a\u00f1o dentro del ranking del 10% de la raza, en especial peso al destete y al a\u00f1o.<\/li>\n<li>Ideal para usarlo en hatos especializados en producir destetos.<\/li>\n<li>Es un toro de musculatura fuerte que transmite precocidad a sus hijas.<\/li>\n<\/ul>\n<hr \/>\n","protected":false},"featured_media":3032,"comment_status":"closed","ping_status":"closed","template":"","meta":[],"product_brand":[],"product_cat":[86,33],"product_tag":[],"class_list":{"0":"post-5907","1":"product","2":"type-product","3":"status-publish","4":"has-post-thumbnail","6":"product_cat-angus-negro","7":"product_cat-carne","9":"first","10":"instock","11":"shipping-taxable","12":"product-type-simple"},"_links":{"self":[{"href":"https:\/\/webxcite.net\/demogenetica\/wp-json\/wp\/v2\/product\/5907","targetHints":{"allow":["GET"]}}],"collection":[{"href":"https:\/\/webxcite.net\/demogenetica\/wp-json\/wp\/v2\/product"}],"about":[{"href":"https:\/\/webxcite.net\/demogenetica\/wp-json\/wp\/v2\/types\/product"}],"replies":[{"embeddable":true,"href":"https:\/\/webxcite.net\/demogenetica\/wp-json\/wp\/v2\/comments?post=5907"}],"wp:featuredmedia":[{"embeddable":true,"href":"https:\/\/webxcite.net\/demogenetica\/wp-json\/wp\/v2\/media\/3032"}],"wp:attachment":[{"href":"https:\/\/webxcite.net\/demogenetica\/wp-json\/wp\/v2\/media?parent=5907"}],"wp:term":[{"taxonomy":"product_brand","embeddable":true,"href":"https:\/\/webxcite.net\/demogenetica\/wp-json\/wp\/v2\/product_brand?post=5907"},{"taxonomy":"product_cat","embeddable":true,"href":"https:\/\/webxcite.net\/demogenetica\/wp-json\/wp\/v2\/product_cat?post=5907"},{"taxonomy":"product_tag","embeddable":true,"href":"https:\/\/webxcite.net\/demogenetica\/wp-json\/wp\/v2\/product_tag?post=5907"}],"curies":[{"name":"wp","href":"https:\/\/api.w.org\/{rel}","templated":true}]}}