{"id":5994,"date":"2026-04-10T14:30:11","date_gmt":"2026-04-10T14:30:11","guid":{"rendered":"https:\/\/webxcite.net\/demogenetica\/?post_type=product&#038;p=5994"},"modified":"2026-04-10T14:30:15","modified_gmt":"2026-04-10T14:30:15","slug":"mr-uber-1026-rambo-brasil","status":"publish","type":"product","link":"https:\/\/webxcite.net\/demogenetica\/producto\/mr-uber-1026-rambo-brasil\/","title":{"rendered":"Mr Uber 1026 \u00abRambo\u00bb (Brasil)"},"content":{"rendered":"<p><strong>RESE\u00d1A:<\/strong><\/p>\n<ul>\n<li><strong>Mr UBER Rambo 1026<\/strong> es Campe\u00f3n de Prueba de Desempe\u00f1o en Pastura ABCZ \/ UberBrahman, siendo \u00c9lite para todas las Caracter\u00edsticas de Carcasa.<\/li>\n<li>En las Evaluaciones Gen\u00e9ticas, posee \u00f3ptimos resultados para Peso al Nacimiento (Facilidad de Parto), Edad al Primer Parto y Caracter\u00edsticas de Carcasa.<\/li>\n<li>Toro de Excelente Conformaci\u00f3n, Largo y Ancho, con Costillas Arqueadas, mucha Musculatura y Aplomos fuertes.<\/li>\n<li>Su padre, <strong>JDH Mr Woodman Manso<\/strong>, es uno de los principales formadores del Brahman moderno. Produce animales destacados en todo el mundo y es l\u00edder en varios registros de fertilidad precoz.<\/li>\n<li>Su madre es <strong>Lady UBER POI 152<\/strong>, donante nombrada \u00abTr\u00edplice Coronada\u00bb por ser Recordista Mundial en Control de Lactaci\u00f3n, productora de animales destacados en Pruebas de Desempe\u00f1o y campeona de exposiciones.<\/li>\n<\/ul>\n","protected":false},"excerpt":{"rendered":"<hr \/>\n<p><strong>NOMBRE COMPLETO: <\/strong>MR UBER 1026 \u00abRAMBO\u00bb<br \/>\n<strong>N\u00daMERO: <\/strong>1026 &nbsp;&nbsp; <strong>CATEGOR\u00cdA: <\/strong>PROVA<br \/>\n<strong>TIPO: <\/strong>CARNE &#8211; <strong>RAZA: <\/strong>BRAHMAN GRIS<br \/>\n<strong>PADRE: <\/strong>JDH WOODMAN MANSO<br \/>\n<strong>MADRE: <\/strong>LADY UBER POI 152<\/p>\n<hr \/>\n<p>\n<iframe title=\"YouTube video player\" src=\"https:\/\/www.youtube.com\/embed\/OAQiHeiOBc0?si=h34NG24Pbd7arkhJ\" width=\"560\" height=\"315\" frameborder=\"0\" allowfullscreen=\"allowfullscreen\"><\/iframe><\/p>\n","protected":false},"featured_media":4628,"comment_status":"closed","ping_status":"closed","template":"","meta":[],"product_brand":[],"product_cat":[97,33,79],"product_tag":[],"class_list":{"0":"post-5994","1":"product","2":"type-product","3":"status-publish","4":"has-post-thumbnail","6":"product_cat-brahman-gris","7":"product_cat-carne","8":"product_cat-uberbrahman","10":"first","11":"instock","12":"shipping-taxable","13":"product-type-simple"},"_links":{"self":[{"href":"https:\/\/webxcite.net\/demogenetica\/wp-json\/wp\/v2\/product\/5994","targetHints":{"allow":["GET"]}}],"collection":[{"href":"https:\/\/webxcite.net\/demogenetica\/wp-json\/wp\/v2\/product"}],"about":[{"href":"https:\/\/webxcite.net\/demogenetica\/wp-json\/wp\/v2\/types\/product"}],"replies":[{"embeddable":true,"href":"https:\/\/webxcite.net\/demogenetica\/wp-json\/wp\/v2\/comments?post=5994"}],"wp:featuredmedia":[{"embeddable":true,"href":"https:\/\/webxcite.net\/demogenetica\/wp-json\/wp\/v2\/media\/4628"}],"wp:attachment":[{"href":"https:\/\/webxcite.net\/demogenetica\/wp-json\/wp\/v2\/media?parent=5994"}],"wp:term":[{"taxonomy":"product_brand","embeddable":true,"href":"https:\/\/webxcite.net\/demogenetica\/wp-json\/wp\/v2\/product_brand?post=5994"},{"taxonomy":"product_cat","embeddable":true,"href":"https:\/\/webxcite.net\/demogenetica\/wp-json\/wp\/v2\/product_cat?post=5994"},{"taxonomy":"product_tag","embeddable":true,"href":"https:\/\/webxcite.net\/demogenetica\/wp-json\/wp\/v2\/product_tag?post=5994"}],"curies":[{"name":"wp","href":"https:\/\/api.w.org\/{rel}","templated":true}]}}